-3
Let y(k) = 4*k**3 + 7*k**2 + 4*k + 6. Let q(u) = -u**3 - u - 1. Let x(f) = 3*q(f) + y(f). What is x(-7)?
-4
Let o(p) be the third derivative of -p**4/24 - p**3/6 + p**2. Let k = 6 + -7. Give o(k).
0
Let z be (-6 - 0) + (0 - -1). Suppose 4 = b, -4*n + 3*b + 1 + 11 = 0. Let a(l) = 1 - 2*l**2 + 0 - n*l + l**2. What is a(z)?
6
Let x be -1 + 2 + -4 + 3. Let m(l) = 4*l + 2 - 2*l - 3*l - l**2. What is m(x)?
2
Let x = 11 - 8. Let v(c) be the second derivative of -c**5/20 + 5*c**4/12 - 2*c**3/3 + c**2/2 - 3*c. What is v(x)?
7
Let r = -17 + 18. Let b(d) = 2 - r + d - 5. What is b(4)?
0
Let m = -18 - -25. Let t = m - 6. Let j = -1 - t. Let a(h) = 5*h + 3. Give a(j).
-7
Let s(y) = 1 - 1 + y. Let o(w) = -w**3 - 17*w**2 + w + 17. Let u be o(-17). Calculate s(u).
0
Suppose 8*x + 60 = 3*x. Let w = -13 - x. Let r(j) = -7*j**2 - 2*j + 2. Let v(s) = -7*s**2 - 2*s + 1. Let n(t) = -2*r(t) + 3*v(t). Calculate n(w).
-6
Let k(s) = -2*s + 4*s**2 - 1 - s**2 + 0*s**2. Let c = 77 + -43. Let v = c + -32. Determine k(v).
7
Let v(n) = -n**2 + 6*n - 9. Let o(c) = c**2 - 6*c + 10. Let r(s) = -6*o(s) - 7*v(s). Let w be ((-4)/(-8))/((-1)/(-12)). Give r(w).
3
Let j(k) be the third derivative of -k**6/720 + k**5/12 + 7*k**4/24 - 4*k**2. Let w(n) be the second derivative of j(n). Give w(0).
10
Let p(v) = -13*v**3 + 3*v - 2. Let t(m) = -m + 16. Let j be t(9). Let c(o) = 39*o**3 - 10*o + 7. Let h(l) = j*p(l) + 2*c(l). Determine h(-1).
12
Let a(y) = y + 2. Let t be 8/(-20) + 201/15. Let m = t - 14. Determine a(m).
1
Let l(y) = 2*y**2 + y - 5. Let d(b) = -b**2 + 6. Let o(s) = -4*d(s) - 5*l(s). Let n(g) = -g**2 - g. Let h(u) = -10*n(u) + 2*o(u). Calculate h(2).
-6
Let v(q) = 1. Let n = 21 - 15. Let l(k) = 6*k + 3. Let j(z) = n*v(z) - l(z). Give j(3).
-15
Let p(z) be the second derivative of 0 - 1/3*z**3 + 3*z + 1/4*z**4 - z**2. Suppose 2 + 2 = 2*d + 3*s, 0 = -d + 5*s + 2. Determine p(d).
6
Let t = 17 + -11. Let i(n) = n**3 - 6*n**2 - n. What is i(t)?
-6
Suppose -5*r - 11 = 4. Let f(p) = p**2 + 5*p. Determine f(r).
-6
Let n(s) = s**3 - 7*s**2 + 7*s - 8. Let v be 42/4 + (-5)/(-10). Let j(g) = 2*g**3 - 13*g**2 + 13*g - 15. Let h(a) = v*n(a) - 6*j(a). Calculate h(0).
2
Let b(i) = -i**3 + 2*i**2 - 2*i + 1. Let a(y) = y**3 - y**2 - 2*y + 1. Let h be a(2). Give b(h).
0
Let v(z) = z**3 + z**2 - 1. Let g(x) = x**2 - 3*x. Let y be g(4). Suppose 0 = y*d + d. Suppose d*p = p. What is v(p)?
-1
Let f(i) = -i + 2. Let d be 10/(-2) - (-1 + 5). Let z = 6 + d. What is f(z)?
5
Let y(n) = n + 5. Let z = -26 + 19. Calculate y(z).
-2
Let n be -5 + 1/(2 + -1). Let b(u) be the second derivative of u**3/6 + 3*u. Let c(r) = 4*r - 1. Let h(p) = 7*b(p) - 2*c(p). What is h(n)?
6
Suppose 10 = -0*h + 2*h. Suppose 5*v = -h*k - 35, -4*v - 12 = -v. Let x(y) = 1 - y**2 + 1 + 0 - y. Give x(k).
-4
Let s(v) = 2 - 3 - 5. Let w(i) = 3*i + 4 + 26 - 4*i. Let t(n) = -11*s(n) - 2*w(n). What is t(-5)?
-4
Let u(x) be the second derivative of 3*x**3/2 + x**2/2 - 5*x. Suppose g - 24 = 4*g. Let s(q) = -14*q - 1. Let z(p) = g*u(p) - 5*s(p). Determine z(-5).
7
Let c(y) = -5*y**3 + 6*y**3 - 4*y**2 - 5 + y - y - 4*y. Give c(5).
0
Let b = -1 - -5. Suppose -q - 3*q = 2*o + 108, b*o = 8. Let d be q/(-16) - 2/(-8). Let w(l) = 6*l - 3. What is w(d)?
9
Let c = 69 - 43. Let z(m) = -17*m + 9. Let v(w) = 4*w - 2. Let i(b) = c*v(b) + 6*z(b). Determine i(-3).
-4
Let w(q) = -q**3 - 4*q**2 + 6*q + 1. Let j(t) = 3*t + 10. Let y be ((-10)/8)/((-2)/(-8)). Let f be j(y). Calculate w(f).
-4
Let h(x) = 5*x - 1. Suppose 5 = -2*f + b, f - 1 + 11 = -2*b. Let c be (1 + f + 2)*-1. Give h(c).
4
Suppose 0 = -2*z + 3*i - 8, i = 4*z + 5*i - 24. Suppose 2*c + z*b = 12, c + 2*b + 3 = 4*b. Let l(y) = -y**3 + 2*y**2 + 5*y - 2. Give l(c).
4
Let y = 11 + -1. Let w be -2*(-3)/y*-5. Let f(v) be the third derivative of v**4/24 + v**3/6 + v**2. What is f(w)?
-2
Let n(f) = 0*f - 3 - f**2 - 2*f + 0. Let o(j) = 5*j - 5. Let i be o(5). Let d be ((-6)/(-10))/((-4)/i). What is n(d)?
-6
Let i(t) = -5*t**3 - t**2 + t. Let w = -12 + 13. What is i(w)?
-5
Let b(u) be the first derivative of -u**2/2 - u + 15. What is b(3)?
-4
Let z(k) be the first derivative of 5*k + 1/3*k**3 + 1 - 7/2*k**2. What is z(5)?
-5
Let h(u) = -2*u - 4. Let a(j) = -j + 1. Let z(i) = a(i) - h(i). Give z(-8).
-3
Let f(h) = 3*h + 2. Suppose 7 = g - 4. Let n(w) = 8*w + 6. Let a(y) = g*f(y) - 4*n(y). Let v be (-9)/2 - 1/(-2). What is a(v)?
-6
Let h(b) = -b - 20 + 22 + 7*b**2 - 5*b**2 - b**3. What is h(2)?
0
Let q(l) = 14*l**3 - 29*l**2 + 18*l + 1. Let b(m) = 5*m**3 - 10*m**2 + 6*m. Let k(v) = 11*b(v) - 4*q(v). Let h be (15/(-12))/(2/(-8)). Determine k(h).
-9
Suppose 0 = -17*b + 18*b. Let n(p) = -3 + 13 + 0*p**2 - 2*p**2 + p**2. What is n(b)?
10
Suppose 0 = 3*v + 4*r + r - 21, 3*v - 2*r - 21 = 0. Let p(g) = -g**2 + 9*g - 3. What is p(v)?
11
Let o(f) = 3*f**3 + 5*f**2 - 7*f - 7. Let z(t) = -t**2 - 3*t + t**3 + t**2 + 2*t**2 - 3. Let p(u) = -3*o(u) + 7*z(u). Calculate p(-1).
1
Let t(i) = 2*i**2 - 3*i - 1. Suppose -l + 2 = 0, -5*w + w + 14 = l. Give t(w).
8
Let o(q) be the third derivative of -q**6/120 + q**5/15 - 5*q**4/24 + q**3/2 - 7*q**2. What is o(3)?
-3
Let f(n) = n**2 - 3. Let q be f(3). Suppose -q*v = -8*v + 2. Let j(g) = 5*g + 1. What is j(v)?
6
Let u(r) be the second derivative of 1/2*r**2 + 0 - 1/3*r**3 - 1/20*r**5 - r - 1/4*r**4. What is u(-2)?
1
Let t(k) = k + 3. Let f(l) = l + 10. Let z(x) = 2*f(x) - 7*t(x). Give z(-1).
4
Let t(g) = -106*g**3 - 106*g**3 + 213*g**3 - 5*g**2 - 4*g - 6. What is t(6)?
6
Let y(d) be the third derivative of 5*d**4/24 - 34*d**2. Determine y(-1).
-5
Suppose -4*z = 2*s - 0*s + 8, 3*s + 3*z = 3. Let n(f) = -4 + 2*f - s*f + 15 + 3*f. Determine n(5).
6
Suppose 3 = -d - 2*d. Let u(s) = -7*s**2 - 2*s - 1. Calculate u(d).
-6
Let m(h) be the third derivative of 0 + 1/12*h**4 + 1/2*h**3 - 1/60*h**5 + 0*h + 5*h**2. Calculate m(3).
0
Let m(z) = 3*z. Let t be m(1). Let p(i) = -t - 1 + 6*i**2 + 4. Give p(-1).
6
Let c(l) be the first derivative of l**3/3 - l + 7. Let b(t) = 2*t**2 + 2*t - 2. Let a(r) = b(r) - 3*c(r). Give a(-2).
-7
Suppose -11 = 5*p - 1. Let q(f) = -3*f**3 - 2*f**2 + 2*f. Calculate q(p).
12
Let s(m) = -m**2 + m + 7. Let k be s(0). Let r = k + -13. Let d(y) = y + 4. Determine d(r).
-2
Suppose -5*j + 9 = -6. Suppose j*r + 4*s = -0*s + 6, 3*s - 2 = -r. Let u(k) be the first derivative of -k**4/2 + k**3 - k**2/2 - 2*k + 1. What is u(r)?
-8
Let a(d) = d - 3. Let j(y) = -y. Suppose -g + 3 = -0. Let z(h) = g*j(h) + a(h). Calculate z(4).
-11
Let n(z) = 4*z**3 + 2*z**2 - 1. Let k be 2/(-7) + (3 - 48/28). Determine n(k).
5
Let h(z) = 7*z + 3. Let w be h(-2). Let k be w/2 + (-2)/(-4). Let q(v) be the first derivative of v**2/2 + 5. Determine q(k).
-5
Suppose l + 0*w - 11 = 5*w, 2*l = -5*w + 7. Let u(s) = -2*s + s + 2*s. Determine u(l).
6
Let o(h) = h**2 + 5*h - 1. Let p be o(-4). Let b(d) = d**3 + 4*d**2 - 6*d - 1. Give b(p).
4
Let p(b) be the third derivative of -b**9/60480 + b**8/5040 - b**6/720 - b**5/60 + b**2. Let f(x) be the third derivative of p(x). Give f(3).
8
Suppose -4*l + 12 = 4*u - l, -16 = 4*u - 4*l. Let w(o) = -6 + 5 + u*o + 5 - o. Calculate w(3).
1
Let a(z) = z + 5. Suppose -20 = 2*r + 3*r. Let g(n) = n**3 + 4*n**2 - n - 4. Let k be g(r). Suppose k*u - 3*u - 9 = 0. Determine a(u).
2
Let c = 7 - 6. Let a(l) = -l**3 - 1. Let i(k) = 9*k**3 + k**2 + 6. Let b(n) = 6*a(n) + i(n). Give b(c).
4
Suppose -v = -2*d + 1, -1 = -2*d + 5*v - 4. Let l(a) = 2 - a**2 + 3*a - d - 2 + 2. Let o(x) = 2*x**2 + 3*x + 1. Let h be o(-2). Give l(h).
1
Let l(c) = c + 4. Suppose 6 = -4*a - 10. Determine l(a).
0
Let r(k) be the third derivative of -k**6/120 + k**5/60 + k**4/24 - k**3/3 + 2*k**2. Let f be (0 - 2)*(-3)/(-3). Let s be ((0/f)/3)/(-1). Give r(s).
-2
Let o(t) be the first derivative of -t**4/4 - 2*t**3 - t**2/2 - 8. Determine o(-6).
6
Let a(v) = v**2 + 9*v + 9. Let c be a(-7). Let f(k) = -k**3 - 3*k**2 - 2*k + 2. Let q be f(-2). Let w(s) = s - s**3 + 5*s**2 - 4 + q*s**3 - 3. Give w(c).
-12
Suppose 0 = -0*i + i + 1. Let a(h) = -10*h. What is a(i)?
10
Let z(a) = -a**2 - a + 3. Let n be (3/(-2))/(7/(-14)). Suppose -n*u + 2*s = -2, 3*s + 2 + 1 = -5*u. What is z(u)?
3
Let a(w) = -w + 10. Let m be 1/1 - (-10 - -5). Calculate a(m).
4
Let o(f) = -2 - 2 + 3*f - 4*f. Suppose -3*p - 18 = -3. Wh